 -6 + 5 + -4.
5
What is -1 + 4 + 6 + 5 + -6?
8
Evaluate -256 + 246 - (1 - 13).
2
What is the value of (-34 - -21) + 1 + 18?
6
What is -8 + (-11 - -5 - -11)?
-3
What is 0 + -4 + 5 + 0?
1
What is the value of -8 - (-1 - 3) - -5 - 12?
-11
Calculate -3 + (-2 - -4 - 4 - -1).
-4
What is the value of -17 + 1 - (-6 - (-2 - -4))?
-8
Calculate -12 - -2 - (-43 - -41).
-8
What is the value of -3 - 0 - (-27 + 27)?
-3
-4 - (2 + 0 + -4 + 6)
-8
Calculate 0 + 1 + -2 - (13 + -15).
1
What is -14 + 10 + 5 + -2?
-1
What is -1 + (7 - (3 + 6)) + -3?
-6
-10 - -1 - (12 + 10 + -24)
-7
Evaluate 12 - 6 - (-1 + 3 + 0).
4
What is -4 + 2 + 3 + 2 + 2?
5
Evaluate 1 + -1 + 3 + -4 + 10.
9
What is (-7 - -15 - 3) + 0?
5
What is 147 + -147 + (0 - 6 - -2)?
-4
Evaluate 0 - 2 - (1 + 1 + -3).
-1
What is -2 + (-2 - (-1 - 1))?
-2
What is the value of 8 - (-6 + (2 - -4) + 7)?
1
Calculate -6 + 9 + (2 - 2) + 0.
3
3 - ((3 - 1) + -5) - 2
4
What is (4 - 0) + -10 + -3 + 10?
1
What is 5 - ((3 - 3 - -1) + 1)?
3
What is the value of -7 - (3 + -8 + 2)?
-4
What is (-12 - (8 - 16)) + 1 + 8?
5
What is the value of 6 - 3 - (0 - 2)?
5
What is the value of 6 + 1 - (-1 - 0 - -3)?
5
What is the value of -1 - ((-4 - -6) + -1 - -2)?
-4
(9 - -2) + -12 - (2 - 4)
1
Evaluate (-8 - -3 - (2 + -6)) + 3.
2
15 - 18 - (-1 - 0)
-2
-3 - 0 - (-7 + 10)
-6
What is 2 + -6 + 1 - (-6 - -3)?
0
Calculate 18 + (5 - (18 + -5)).
10
Evaluate 6 + 1 - (-10 + -2 + 9).
10
Evaluate -1 + -1 + 5 + 0 + -2.
1
Evaluate (-7 - (0 + -5)) + (-1 - 0).
-3
What is -1 - ((15 - (3 + 5)) + 1)?
-9
Evaluate 8 + -16 + 6 + 3.
1
What is the value of 1 - (-1 - (-3 - -4))?
3
What is the value of 0 + -11 + (-167 - -179)?
1
Evaluate 12 + 2 + -4 - 5.
5
(-18 - -16) + 2 + -6
-6
Calculate 20 + -16 - (3 - 0) - -2.
3
Calculate -3 + 0 + (-8 - -17) + -2.
4
Evaluate -4 + -1 - (-14 - -12) - -6.
3
What is (5 + (-4 - 7) - -7) + -7?
-6
What is (-5 - (-18 + 9)) + -8?
-4
What is -2 - (-1 + -4 + 4 + 0)?
-1
Evaluate (-4 - (-3 + 1)) + 7.
5
What is -9 + (0 + 7 - (-1 - -2))?
-3
Calculate -1 + -4 - (10 + -19 - -4).
0
Evaluate 7 + -2 + 2 + -1.
6
What is -4 - (4 - 9) - (-1 - -3)?
-1
Evaluate 0 + 4 + (-5 - (0 + -4)).
3
Evaluate 4 + -4 - 1 - -6.
5
What is (-3 + 2 - -2) + 3?
4
Calculate 5 + (6 + -3 - (1 - -4)).
3
What is the value of -7 - (-9 + 11) - -10?
1
What is (21 - 23) + (1 - 1)?
-2
-12 - -2 - (-25 - -10)
5
Evaluate (-1 - -5) + (-3 - (-1 - 1)).
3
What is 8 + (-1 - (-1 - -1 - -2))?
5
What is 2 + -6 + 13 + -3 + -1?
5
What is (-6 - -1) + (-2 - (-3 - 3))?
-1
Calculate (0 - -8) + (0 - -2 - 6).
4
Evaluate (2 - -5) + -2 + 0.
5
What is -7 - (1 + 5 + -9)?
-4
Calculate -1 + -2 - ((21 - 9) + -21).
6
(-3 - 1) + 5 + 0 + -4
-3
What is -4 - (-2 - (10 - (-7 - -14)))?
1
Evaluate (-17 - -5) + 4 + 6 + -4.
-6
What is the value of 19 - 13 - (9 - 2)?
-1
-3 + 9 - (-1 - -2) - 1
4
What is 3 - (-1 + -1) - 2 - -1?
4
Calculate 3 + -2 + (5 - (-1 + 2)).
5
What is -5 - 0 - (6 + -8)?
-3
Calculate -4 + (4 - (-1 + 5)) + 6.
2
What is the value of (-12 - (-24 + 12)) + 6?
6
Evaluate -94 + 98 + (2 + -2 - 0).
4
Calculate 4 - (1 - -7) - (-1 + 0).
-3
What is 12 - 3 - 14 - -4?
-1
Calculate (-3 - -5) + -1 + 2 + -3.
0
Calculate -2 + -5 + 7 + -4 + 0.
-4
What is 4 - (5 - (1 + 0))?
0
Calculate 0 + (-5 - 2) + 2.
-5
-1 - -4 - (55 + -55)
3
0 - 5 - (-5 - 4)
4
Evaluate 14 + -1 - (78 + -70).
5
What is -7 + (3 - -1) + 7 + -5?
-1
-12 + 16 + -8 + -3
-7
-4 + (-3 - -4) - (-6 + 7)
-4
What is 4 - (-5 - (0 - 7 - 6))?
-4
Evaluate -3 - (-8 - (-8 - 1)).
-4
What is the value of -2 - -3 - (3 - 11 - -4)?
5
Calculate 5 + (1 - 7) - 0.
-1
Calculate -3 + 5 + -2 + 2.
2
What is -4 + (7 - (8 - 0)) + -2?
-7
What is the value of 0 + 4 + -2 - 0?
2
Evaluate (5 - (2 - 0)) + -3.
0
Evaluate 7 + 4 + -10 - -3.
4
-2 + 1 + (4 - (-2 + 1))
4
What is (-18 - -10) + -2 + -2 - -6?
-6
Evaluate -4 + 3 + -2 + 1.
-2
Calculate (4 - -3 - 0) + -5.
2
What is the value of (3 - (2 - 1)) + (-9 - -6)?
-1
What is -4 - -5 - (5 + 0)?
-4
7 + -3 + -6 + 5
3
Evaluate 11 + -1 - -7 - 11.
6
What is -3 + (-4 - -7) + -5?
-5
What is 1 + 1 - (4 + -3 - -1)?
0
What is the value of -1 - -5 - (-3 + 4 - 2)?
5
Calculate 7 + -3 - (9 - 0).
-5
What is -2 + 5 - 0 - (0 + -1)?
4
Evaluate -1 - (6 + (-4 - -2)).
-5
-5 + (1 + 1 - (-16 + 15))
-2
4 - 0 - (-20 - -27) - -6
3
Evaluate (7 + -5 - 5) + 0.
-3
Calculate (3 - (7 + -4 - -1)) + 3.
2
Calculate 3 + (-5 - (-4 - -3)).
-1
What is the value of (0 - 0) + -15 + (6 - -5)?
-4
-5 - (-11 - (3 + -12))
-3
What is (0 - -13) + (-131 - -121)?
3
What is 0 - (4 + (2 + -1 - 3))?
-2
-4 - (-1 + -2) - 1
-2
What is the value of (-5 - -2 - 5) + 5?
-3
What is the value of -1 - -4 - (7 - 1 - -2)?
-5
-1 - (4 + 0 - (30 - 27))
-2
What is 0 + 1 + -1 + -1?
-1
Calculate (4 - (1 - 3 - -3)) + 0.
3
Calculate ((0 - 5) + 3 - -2) + -3.
-3
What is -12 + 4 - -3 - (3 + -9)?
1
Calculate 0 - -3 - (-3 + 4 - 2).
4
Calculate (-3 - -8 - 1) + (-2 - -3).
5
-9 + (11 - (5 + -2))
-1
What is the value of (-3 - -1) + (3 - (0 + 4))?
-3
What is -3 - 2 - 1 - -4?
-2
Evaluate -4 - (-16 + 9 - -9).
-6
Calculate (-36 - -31) + (-1 - -3).
-3
Evaluate -3 - (-1 - (1 + 2)).
1
What is the value of 0 + 0 + 5 + -4 + 4?
5
Evaluate 1 + 3 + (-16 - -13).
1
-1 - -1 - (-1 + -2 + 2)
1
Calculate 6 - (11 + -3 + 2).
-4
Calculate 10 + -3 - (5 + 2).
0
Calculate 0 - 2 - (-71 - -76) - 0.
-7
Calculate 3 - (10 - 6) - (1 - -2).
-4
What is the value of -4 + 2 + 6 + -10?
-6
Evaluate (9 - 5) + -1 - 2.
1
Evaluate (-4 - -8) + -7 + 1.
-2
Calculate -1 + -7 - -21 - 8.
5
-4 + (-2 - (0 + -2))
-4
Evaluate -2 - (3 + 1 + -8).
2
Evaluate (0 - -2) + -1 + 7 + -5.
3
Calculate -2 - (1 + -6 + 1).
2
What is -1 - 6 - 1 - (-1 + -2)?
-5
What is the value of (0 - 4) + 9 + -6 + -2?
-3
What is the value of 6 + -1 + 46 + -41?
10
What is 6 + -6 - (-5 + 0) - 10?
-5
Evaluate (-4 + -1 - (-25 - -23)) + 4.
1
Calculate (-5 - -1) + 9 + -7.
-2
Evaluate (1 - (1 + -2)) + (24 - 29).
-3
Calculate 10 + -12 - (-7 + 0).
5
What is the value of 1 + -1 - 0 - (-14 + 19)?
-5
Calculate 7 + -11 - (-2 + -4).
2
What is the value of (0 - 0 - (0 + -2)) + 1?
3
11 + (6 - 24) - (-1 - -1)
-7
Evaluate (6 + -3 - -1) + -4.
0
Evaluate 1 - (-14 - -1 - -21).
-7
(0 + -13 - -27) + -22
-8
What is the value of -4 - ((6 - (-2 + 7)) + -4)?
-1
Calculate -9 + (7 - -5) + 0.
3
What is (-1 - 3) + -1 + (32 - 32)?
-5
5 + -3 - (5 + 1 + 2)
-6
What is 0 - ((1 - -6) + -2 + -10)?
5
Calculate (-5 - -2) + -4 + (4 - 1).
-4
-2 + 6 + (-1 - 2)
1
What is -2 + 5 - ((3 - 1) + 3)?
-2
-15 - (5 - 12) - -11
3
5 + -3 + (-1 - -1)
2
What is 1 + (4 - 0) - (2 + -1)?
4
Calculate 1 + (-6 - (1 - 1)).
-5
Evaluate 3 + (2 - 3) - (15 - 12).
-1
Calculate -5 + (10 - (3 - -2)).
0
What is the value of -2 - ((-8 - (0 - 4)) + 3)?
-1
8 - 1 - (-52 + 55)
4
What is the value of (-1 - -2) + -3 + 4 + -1?
1
Calculate -2 - (-8 + 7 + -2) - -2.
3
Calculate -4 - ((-7 - 1) + 3 + 3).
-2
What is 1 - (1 + -3 + -4 - -2)?
5
What is the value of (1 - 0) + 94 + -91?
4
What is the value of 3 + (-9 - 0 - -1)?
-5
Calculate -1 + 10 + (1 - 6) - 5.
-1
What is 6 - 11 - (2 - (11 + 0))?
4
What is 1 + 1 + 0 + 0?
2
What is (-14 - -3) + 2 + 3?
-6
Evaluate -51 - -38 - (2 - 11).
-4
Calculate 12 + (-3 - 0) + 2 - 5.
6
Calculate -3 + -2 + (-1 - -6).
0
Calculate 8 - (30 + -8 + -12).
-2
What is 3 + 5 + (1 - 6)?
3
Evaluate -20 + 19 - ((-1 - 0) + 7).
-7
-58 - -63 - (-1 + 0)
6
Calculate 2 + (2 - 4) - (-1 - 1).
2
Evaluate (3 - 0) + -1 + -4.
-2
What is the value of -4 + 5 + 4 + -6?
-1
What is -16 + 8 + (14 - 3)?
3
What is (9 - 5) + 6 + (7 - 22)?
-5
Evaluate -1 + -1 - ((5 - -17) + -14).
-10
Calculate 5 + 1 + -4 + 0.
2
Evaluate (-9 - -3) + (5 - 4 - 3).
-8
What is 2 + -1 + 6 + -6 + 1?
2
-6 + (-6 - -9) - -1
-2
What is the value of (12 - 10 - 2) + 7?
7
What is the value of 2 + -2 + 1 + -2?
-1
Evaluate (0 - 8) + (-3 - (6 - 9)).
-8
Calculate -1 - (-3 - ((0 - -4) + -2)).
4
Calculate (-3 - (0 + 2 - -1)) + 2.
-4
What is 1 + (-3 - (0 - 0)) + 2?
0
Evaluate -3 - -1 - (-6 - -1).
3
Calculate (-9 - -8) + -2 + 0.
-3
Calculate 7 + (-10 - -7) + -7.
-3
(-3 - (2 - (2 + 0))) + 8
5
Calculate 1 + 4 - (-3 + (0 - -7)).
1
Evaluate 9 - (-3 - -4) - 5.
3
What is the value of 2 + (3 - -2) + -3?
4
Calculate 3 + (-5 - (-2 + -2)).
2
Calculate 4 + (-4 - 4 - -3).
-1
Calculate -1 + 7 + (7 - 8).
5
Evaluate (-14 - 5) + 16 + (5 - 1).
1
Evaluate -5 + (1 - (-2 + 1) - 2).
-5
Evaluate 7 + -14 + 1 + 8.
2
(3 - 5) + (8 - (7 + 6))
-7
-2